Dec 01 00:12:09.952 INFO testing tarcieri/paradox against master#8940af3cea4a9a9deabcaf843b2f8cad9a83fc61 for beta-1.31-5
Dec 01 00:12:09.952 INFO running `"docker" "create" "-v" "/mnt/big/crater/work/local/target-dirs/beta-1.31-5/worker-7/master#8940af3cea4a9a9deabcaf843b2f8cad9a83fc61:/target:rw,Z" "-v" "/mnt/big/crater/work/local/test-source/worker-7/beta-1.31-5/master#8940af3cea4a9a9deabcaf843b2f8cad9a83fc61:/source:ro,Z" "-v" "/mnt/big/crater/work/local/cargo-home:/cargo-home:ro,Z" "-v" "/mnt/big/crater/work/local/rustup-home:/rustup-home:ro,Z" "-e" "USER_ID=1000" "-e" "SOURCE_DIR=/source" "-e" "USER_ID=1000" "-e" "CMD=cargo +8940af3cea4a9a9deabcaf843b2f8cad9a83fc61-alt build --frozen" "-e" "CARGO_TARGET_DIR=/target" "-e" "CARGO_INCREMENTAL=0" "-e" "RUST_BACKTRACE=full" "-e" "RUSTFLAGS=--cap-lints=warn" "-e" "CARGO_HOME=/cargo-home" "-e" "RUSTUP_HOME=/rustup-home" "-m" "1536M" "--network" "none" "crater"`
Dec 01 00:12:10.596 INFO [stdout] b3d0c22287d225c47a7358663ab2e9c0eb03c8b0afa24357be42ae8142b96376
Dec 01 00:12:10.598 INFO running `"docker" "start" "-a" "b3d0c22287d225c47a7358663ab2e9c0eb03c8b0afa24357be42ae8142b96376"`
Dec 01 00:12:11.614 INFO [stderr] usermod: no changes
Dec 01 00:12:11.851 INFO [stderr]    Compiling string_cache_shared v0.3.0
Dec 01 00:12:11.859 INFO [stderr]    Compiling serde v1.0.45
Dec 01 00:12:11.859 INFO [stderr]    Compiling ordermap v0.3.5
Dec 01 00:12:11.859 INFO [stderr]    Compiling fixedbitset v0.1.9
Dec 01 00:12:11.859 INFO [stderr]    Compiling term v0.4.6
Dec 01 00:12:11.859 INFO [stderr]    Compiling precomputed-hash v0.1.1
Dec 01 00:12:11.859 INFO [stderr]    Compiling lalrpop-util v0.15.2
Dec 01 00:12:11.859 INFO [stderr]    Compiling diff v0.1.11
Dec 01 00:12:12.952 INFO [stderr]    Compiling ena v0.5.0
Dec 01 00:12:12.971 INFO [stderr]    Compiling phf_shared v0.7.22
Dec 01 00:12:14.274 INFO [stderr]    Compiling bit-set v0.4.0
Dec 01 00:12:14.331 INFO [stderr]    Compiling pairing v0.14.1
Dec 01 00:12:17.029 INFO [stderr]    Compiling futures-cpupool v0.1.8
Dec 01 00:12:18.195 INFO [stderr]    Compiling debug_unreachable v0.1.1
Dec 01 00:12:18.203 INFO [stderr]    Compiling phf_generator v0.7.22
Dec 01 00:12:18.352 INFO [stderr]    Compiling petgraph v0.4.12
Dec 01 00:12:18.447 INFO [stderr]    Compiling syn v0.13.7
Dec 01 00:12:18.587 INFO [stderr]    Compiling regex v0.2.11
Dec 01 00:12:20.007 INFO [stderr]    Compiling ascii-canvas v1.0.0
Dec 01 00:12:20.014 INFO [stderr]    Compiling atty v0.1.2
Dec 01 00:12:20.099 INFO [stderr]    Compiling string_cache_codegen v0.4.1
Dec 01 00:12:20.456 INFO [stderr]    Compiling digest v0.7.2
Dec 01 00:12:21.819 INFO [stderr]    Compiling sha2 v0.7.1
Dec 01 00:12:25.989 INFO [stderr] error[E0034]: multiple applicable items in scope
Dec 01 00:12:25.989 INFO [stderr]     --> /cargo-home/registry/src/github.com-1ecc6299db9ec823/petgraph-0.4.12/src/graph_impl/stable_graph/mod.rs:1171:19
Dec 01 00:12:25.989 INFO [stderr]      |
Dec 01 00:12:25.989 INFO [stderr] 1171 |         self.iter.find_map(|(i, node)| {
Dec 01 00:12:25.989 INFO [stderr]      |                   ^^^^^^^^ multiple `find_map` found
Dec 01 00:12:25.989 INFO [stderr]      |
Dec 01 00:12:25.989 INFO [stderr] note: candidate #1 is defined in an impl of the trait `iter_utils::IterUtilsExt` for the type `_`
Dec 01 00:12:25.989 INFO [stderr]     --> /cargo-home/registry/src/github.com-1ecc6299db9ec823/petgraph-0.4.12/src/iter_utils.rs:5:5
Dec 01 00:12:25.989 INFO [stderr]      |
Dec 01 00:12:25.989 INFO [stderr] 5    | /     fn find_map<F, R>(&mut self, mut f: F) -> Option<R>
Dec 01 00:12:25.989 INFO [stderr] 6    | |         where F: FnMut(Self::Item) -> Option<R>
Dec 01 00:12:25.989 INFO [stderr] 7    | |     {
Dec 01 00:12:25.990 INFO [stderr] 8    | |         while let Some(elt) = self.next() {
Dec 01 00:12:25.990 INFO [stderr] ...    |
Dec 01 00:12:25.990 INFO [stderr] 13   | |         None
Dec 01 00:12:25.990 INFO [stderr] 14   | |     }
Dec 01 00:12:25.990 INFO [stderr]      | |_____^
Dec 01 00:12:25.990 INFO [stderr]      = note: candidate #2 is defined in an impl of the trait `std::iter::Iterator` for the type `std::iter::Enumerate<_>`
Dec 01 00:12:25.990 INFO [stderr] 
Dec 01 00:12:26.095 INFO [stderr] error[E0034]: multiple applicable items in scope
Dec 01 00:12:26.095 INFO [stderr]     --> /cargo-home/registry/src/github.com-1ecc6299db9ec823/petgraph-0.4.12/src/graph_impl/stable_graph/mod.rs:1363:19
Dec 01 00:12:26.095 INFO [stderr]      |
Dec 01 00:12:26.095 INFO [stderr] 1363 |         self.iter.find_map(|(i, edge)|
Dec 01 00:12:26.095 INFO [stderr]      |                   ^^^^^^^^ multiple `find_map` found
Dec 01 00:12:26.095 INFO [stderr]      |
Dec 01 00:12:26.095 INFO [stderr] note: candidate #1 is defined in an impl of the trait `iter_utils::IterUtilsExt` for the type `_`
Dec 01 00:12:26.095 INFO [stderr]     --> /cargo-home/registry/src/github.com-1ecc6299db9ec823/petgraph-0.4.12/src/iter_utils.rs:5:5
Dec 01 00:12:26.095 INFO [stderr]      |
Dec 01 00:12:26.095 INFO [stderr] 5    | /     fn find_map<F, R>(&mut self, mut f: F) -> Option<R>
Dec 01 00:12:26.095 INFO [stderr] 6    | |         where F: FnMut(Self::Item) -> Option<R>
Dec 01 00:12:26.095 INFO [stderr] 7    | |     {
Dec 01 00:12:26.095 INFO [stderr] 8    | |         while let Some(elt) = self.next() {
Dec 01 00:12:26.095 INFO [stderr] ...    |
Dec 01 00:12:26.095 INFO [stderr] 13   | |         None
Dec 01 00:12:26.095 INFO [stderr] 14   | |     }
Dec 01 00:12:26.095 INFO [stderr]      | |_____^
Dec 01 00:12:26.096 INFO [stderr]      = note: candidate #2 is defined in an impl of the trait `std::iter::Iterator` for the type `std::iter::Enumerate<_>`
Dec 01 00:12:26.096 INFO [stderr] 
Dec 01 00:12:26.143 INFO [stderr] error[E0034]: multiple applicable items in scope
Dec 01 00:12:26.143 INFO [stderr]     --> /cargo-home/registry/src/github.com-1ecc6299db9ec823/petgraph-0.4.12/src/graph_impl/stable_graph/mod.rs:1527:19
Dec 01 00:12:26.143 INFO [stderr]      |
Dec 01 00:12:26.143 INFO [stderr] 1527 |         self.iter.find_map(|(i, node)| {
Dec 01 00:12:26.143 INFO [stderr]      |                   ^^^^^^^^ multiple `find_map` found
Dec 01 00:12:26.143 INFO [stderr]      |
Dec 01 00:12:26.143 INFO [stderr] note: candidate #1 is defined in an impl of the trait `iter_utils::IterUtilsExt` for the type `_`
Dec 01 00:12:26.143 INFO [stderr]     --> /cargo-home/registry/src/github.com-1ecc6299db9ec823/petgraph-0.4.12/src/iter_utils.rs:5:5
Dec 01 00:12:26.143 INFO [stderr]      |
Dec 01 00:12:26.143 INFO [stderr] 5    | /     fn find_map<F, R>(&mut self, mut f: F) -> Option<R>
Dec 01 00:12:26.144 INFO [stderr] 6    | |         where F: FnMut(Self::Item) -> Option<R>
Dec 01 00:12:26.144 INFO [stderr] 7    | |     {
Dec 01 00:12:26.144 INFO [stderr] 8    | |         while let Some(elt) = self.next() {
Dec 01 00:12:26.144 INFO [stderr] ...    |
Dec 01 00:12:26.144 INFO [stderr] 13   | |         None
Dec 01 00:12:26.144 INFO [stderr] 14   | |     }
Dec 01 00:12:26.144 INFO [stderr]      | |_____^
Dec 01 00:12:26.144 INFO [stderr]      = note: candidate #2 is defined in an impl of the trait `std::iter::Iterator` for the type `std::iter::Enumerate<_>`
Dec 01 00:12:26.144 INFO [stderr] 
Dec 01 00:12:26.195 INFO [stderr] error[E0034]: multiple applicable items in scope
Dec 01 00:12:26.195 INFO [stderr]     --> /cargo-home/registry/src/github.com-1ecc6299db9ec823/petgraph-0.4.12/src/graph_impl/stable_graph/mod.rs:1573:19
Dec 01 00:12:26.195 INFO [stderr]      |
Dec 01 00:12:26.195 INFO [stderr] 1573 |         self.iter.find_map(|(i, node)| {
Dec 01 00:12:26.195 INFO [stderr]      |                   ^^^^^^^^ multiple `find_map` found
Dec 01 00:12:26.195 INFO [stderr]      |
Dec 01 00:12:26.195 INFO [stderr] note: candidate #1 is defined in an impl of the trait `iter_utils::IterUtilsExt` for the type `_`
Dec 01 00:12:26.195 INFO [stderr]     --> /cargo-home/registry/src/github.com-1ecc6299db9ec823/petgraph-0.4.12/src/iter_utils.rs:5:5
Dec 01 00:12:26.195 INFO [stderr]      |
Dec 01 00:12:26.195 INFO [stderr] 5    | /     fn find_map<F, R>(&mut self, mut f: F) -> Option<R>
Dec 01 00:12:26.195 INFO [stderr] 6    | |         where F: FnMut(Self::Item) -> Option<R>
Dec 01 00:12:26.195 INFO [stderr] 7    | |     {
Dec 01 00:12:26.196 INFO [stderr] 8    | |         while let Some(elt) = self.next() {
Dec 01 00:12:26.196 INFO [stderr] ...    |
Dec 01 00:12:26.196 INFO [stderr] 13   | |         None
Dec 01 00:12:26.196 INFO [stderr] 14   | |     }
Dec 01 00:12:26.196 INFO [stderr]      | |_____^
Dec 01 00:12:26.196 INFO [stderr]      = note: candidate #2 is defined in an impl of the trait `std::iter::Iterator` for the type `std::iter::Enumerate<_>`
Dec 01 00:12:26.196 INFO [stderr] 
Dec 01 00:12:28.019 INFO [stderr] error: aborting due to 4 previous errors
Dec 01 00:12:28.019 INFO [stderr] 
Dec 01 00:12:28.019 INFO [stderr] For more information about this error, try `rustc --explain E0034`.
Dec 01 00:12:28.035 INFO [stderr] error: Could not compile `petgraph`.
Dec 01 00:12:28.035 INFO [stderr] warning: build failed, waiting for other jobs to finish...
Dec 01 00:12:47.088 INFO [stderr] error: build failed
Dec 01 00:12:47.089 INFO [stderr] su: No module specific data is present
Dec 01 00:12:47.807 INFO running `"docker" "inspect" "b3d0c22287d225c47a7358663ab2e9c0eb03c8b0afa24357be42ae8142b96376"`
Dec 01 00:12:48.046 INFO running `"docker" "rm" "-f" "b3d0c22287d225c47a7358663ab2e9c0eb03c8b0afa24357be42ae8142b96376"`
Dec 01 00:12:48.231 INFO [stdout] b3d0c22287d225c47a7358663ab2e9c0eb03c8b0afa24357be42ae8142b96376
